{"id":6654,"date":"2024-12-10T19:19:21","date_gmt":"2024-12-10T19:19:21","guid":{"rendered":"https:\/\/aecom.com\/fr-ca\/?page_id=6654"},"modified":"2024-12-10T19:19:22","modified_gmt":"2024-12-10T19:19:22","slug":"ian-dyck-2","status":"publish","type":"page","link":"https:\/\/aecom.com\/fr-ca\/about-us\/our-leadership\/ian-dyck-2\/","title":{"rendered":"Ian\u202fDyck\u00a0"},"content":{"rendered":"\n<div class=\"wp-block-columns is-layout-flex wp-container-core-columns-is-layout-9d6595d7 wp-block-columns-is-layout-flex\">\n<div class=\"wp-block-column is-layout-flow wp-block-column-is-layout-flow\" style=\"flex-basis:66.66%\">\n<div class=\"wp-block-columns is-layout-flex wp-container-core-columns-is-layout-9d6595d7 wp-block-columns-is-layout-flex\">\n<div class=\"wp-block-column is-layout-flow wp-block-column-is-layout-flow\" style=\"flex-basis:33%\">\n<figure class=\"wp-block-image size-full\"><img loading=\"lazy\" decoding=\"async\" width=\"364\" height=\"364\" src=\"https:\/\/aecom.com\/fr-ca\/wp-content\/uploads\/2023\/10\/ian-dyck-2.jpg\" alt=\"\" class=\"wp-image-2978\" srcset=\"https:\/\/aecom.com\/fr-ca\/wp-content\/uploads\/2023\/10\/ian-dyck-2.jpg 364w, https:\/\/aecom.com\/fr-ca\/wp-content\/uploads\/2023\/10\/ian-dyck-2-300x300.jpg 300w, https:\/\/aecom.com\/fr-ca\/wp-content\/uploads\/2023\/10\/ian-dyck-2-150x150.jpg 150w\" sizes=\"auto, (max-width: 364px) 100vw, 364px\" \/><\/figure>\n<\/div>\n\n\n\n<div class=\"wp-block-column is-layout-flow wp-block-column-is-layout-flow\">\n<h3 class=\"wp-block-heading\">Ian\u202fDyck\u00a0<\/h3>\n\n\n\n<p>Vice-pr\u00e9sident principal, responsable secteur d\u2019affaires eau\u00a0<\/p>\n<\/div>\n<\/div>\n\n\n\n<div class=\"aecom-custom-block block-intro-text\" style=\"margin-top: 0px; margin-bottom: 40px\">\n    <p class=\"editor-emphasized\">\n        Ian Dyck est vice-pr\u00e9sident principal et responsable du secteur d\u2019affaires eau d\u2019AECOM, la soci\u00e9t\u00e9 de services-conseils en infrastructures de renomm\u00e9e mondiale qui ex\u00e9cute des services professionnels couvrant tout le cycle de vie des projets, de la consultation \u00e0 la planification, en passant par la conception, l\u2019ing\u00e9nierie et la gestion de programmes et de la construction.     <\/p>\n<\/div>\n\n\n<p>\u00c0 ce poste, M.\u202fDyck est responsable de la croissance et de la supervision des activit\u00e9s de la division canadienne de l\u2019eau d\u2019AECOM. Il d\u00e9veloppe et dirige la strat\u00e9gie de croissance tout en maintenant un niveau \u00e9lev\u00e9 de rentabilit\u00e9.&nbsp;&nbsp;<\/p>\n\n\n\n<p>Au d\u00e9but de sa carri\u00e8re, M.\u202fDyck s\u2019est concentr\u00e9 sur la conception technique, puis a occup\u00e9 des postes de leadership en affaires et en strat\u00e9gie. M.\u202fDyck s\u2019est joint \u00e0 AECOM en 2019.&nbsp;&nbsp;<\/p>\n\n\n\n<p>Il est fier de faire progresser les projets d\u2019eau potable pour am\u00e9liorer la sant\u00e9 des collectivit\u00e9s, les projets d\u2019eaux us\u00e9es pour am\u00e9liorer la performance environnementale et les projets d\u2019\u00e9nergie pour accro\u00eetre la r\u00e9silience des collectivit\u00e9s. M.\u202fDyck reconna\u00eet l\u2019importance d\u2019un environnement collaboratif et inclusif en tant que solide alli\u00e9 du groupe-ressource Women\u2019s Leadership Alliance chez AECOM. Il s\u2019emploie aussi \u00e0 d\u00e9velopper des relations d\u2019affaires mutuellement avantageuses avec des entreprises autochtones et \u00e0 encourager les jeunes Autochtones \u00e0 poursuivre une carri\u00e8re dans les STIM.&nbsp;&nbsp;<\/p>\n\n\n\n    <div class=\"aecom-custom-block block-cta-button\" style=\"margin-top: 40px;\">\n        <a href=\"https:\/\/aecom.com\/fr-ca\/about-us\/our-leadership\/\" class=\"aecom-default-cta aecom-global-cta-e-green-transparent aecom-global-cta-sml aecom-global-cta-bold aecom-global-cta aecom-global-cta-bold\"  >Retour \u00e0 la direction d&#8217;AECOM <svg data-name=\"Layer 1\" xmlns=\"http:\/\/www.w3.org\/2000\/svg\" viewBox=\"0 0 31.4 29.8\"><g data-name=\"Group 31\"><g data-name=\"Group 30\"><g data-name=\"Group 29\"><path data-name=\"Path 49\" d=\"M31.4 14.1h-3.1a12.6 12.6 0 0 1-25.2 0H0a15.7 15.7 0 1 0 31.4 0m-15.7 7 7.4-7.4-2.2-2.2-3.6 3.6V0h-3.1v15l-3.6-3.6-2.2 2.2 7.4 7.4Z\" fill=\"currentColor\"\/><\/g><\/g><\/g><\/svg><\/a>\n    <\/div>\n<\/div>\n\n\n\n<div class=\"wp-block-column is-layout-flow wp-block-column-is-layout-flow\" style=\"flex-basis:33.33%\">\n<h3 class=\"wp-block-heading has-text-color\" style=\"color:#008768\"><strong>\u00c9tudes<\/strong><\/h3>\n\n\n\n<p>Ma\u00eetrise \u00e8s sciences en environnement et gestion, Universit\u00e9 Royal Roads&nbsp;<\/p>\n\n\n\n<p>Baccalaur\u00e9at \u00e8s sciences appliqu\u00e9es en g\u00e9nie physique, Universit\u00e9 de la Colombie-Britannique&nbsp;<\/p>\n\n\n\n<h3 class=\"wp-block-heading has-text-color\" style=\"color:#008768\"><strong>Affiliations<\/strong><\/h3>\n\n\n\n<p>Ordre des ing\u00e9nieurs de la Colombie-Britannique&nbsp;<\/p>\n\n\n\n<p>Hydro\u00e9lectricit\u00e9 Canada&nbsp;<\/p>\n\n\n\n<p>Association canadienne des ressources hydriques&nbsp;<\/p>\n\n\n\n<p>Association canadienne des eaux potables et us\u00e9es&nbsp;<\/p>\n<\/div>\n<\/div>\n\n\n\n<p><\/p>\n","protected":false},"excerpt":{"rendered":"<p>Ian\u202fDyck\u00a0 Vice-pr\u00e9sident principal, responsable secteur d\u2019affaires eau\u00a0 \u00c0 ce poste, M.\u202fDyck est responsable de la croissance et de la supervision des activit\u00e9s de la division canadienne de l\u2019eau d\u2019AECOM. Il d\u00e9veloppe et dirige la strat\u00e9gie de croissance tout en maintenant un niveau \u00e9lev\u00e9 de rentabilit\u00e9.&nbsp;&nbsp; Au d\u00e9but de sa carri\u00e8re, M.\u202fDyck s\u2019est concentr\u00e9 sur la&#8230;<\/p>\n","protected":false},"author":701,"featured_media":0,"parent":908,"menu_order":13,"comment_status":"closed","ping_status":"closed","template":"","meta":{"_acf_changed":false,"footnotes":""},"yst_prominent_words":[],"class_list":["post-6654","page","type-page","status-publish","hentry"],"acf":[],"_links":{"self":[{"href":"https:\/\/aecom.com\/fr-ca\/wp-json\/wp\/v2\/pages\/6654","targetHints":{"allow":["GET"]}}],"collection":[{"href":"https:\/\/aecom.com\/fr-ca\/wp-json\/wp\/v2\/pages"}],"about":[{"href":"https:\/\/aecom.com\/fr-ca\/wp-json\/wp\/v2\/types\/page"}],"author":[{"embeddable":true,"href":"https:\/\/aecom.com\/fr-ca\/wp-json\/wp\/v2\/users\/701"}],"replies":[{"embeddable":true,"href":"https:\/\/aecom.com\/fr-ca\/wp-json\/wp\/v2\/comments?post=6654"}],"version-history":[{"count":2,"href":"https:\/\/aecom.com\/fr-ca\/wp-json\/wp\/v2\/pages\/6654\/revisions"}],"predecessor-version":[{"id":6656,"href":"https:\/\/aecom.com\/fr-ca\/wp-json\/wp\/v2\/pages\/6654\/revisions\/6656"}],"up":[{"embeddable":true,"href":"https:\/\/aecom.com\/fr-ca\/wp-json\/wp\/v2\/pages\/908"}],"wp:attachment":[{"href":"https:\/\/aecom.com\/fr-ca\/wp-json\/wp\/v2\/media?parent=6654"}],"wp:term":[{"taxonomy":"yst_prominent_words","embeddable":true,"href":"https:\/\/aecom.com\/fr-ca\/wp-json\/wp\/v2\/yst_prominent_words?post=6654"}],"curies":[{"name":"wp","href":"https:\/\/api.w.org\/{rel}","templated":true}]}}

<div class="wp-block-columns is-layout-flex wp-container-core-columns-is-layout-9d6595d7 wp-block-columns-is-layout-flex">
<div class="wp-block-column is-layout-flow wp-block-column-is-layout-flow" style="flex-basis:66.66%">
<div class="wp-block-columns is-layout-flex wp-container-core-columns-is-layout-9d6595d7 wp-block-columns-is-layout-flex">
<div class="wp-block-column is-layout-flow wp-block-column-is-layout-flow" style="flex-basis:33%">
<figure class="wp-block-image size-full"><img loading="lazy" decoding="async" width="364" height="364" src="https://aecom.com/fr-ca/wp-content/uploads/2023/10/ian-dyck-2.jpg" alt="" class="wp-image-2978" srcset="https://aecom.com/fr-ca/wp-content/uploads/2023/10/ian-dyck-2.jpg 364w, https://aecom.com/fr-ca/wp-content/uploads/2023/10/ian-dyck-2-300x300.jpg 300w, https://aecom.com/fr-ca/wp-content/uploads/2023/10/ian-dyck-2-150x150.jpg 150w" sizes="auto, (max-width: 364px) 100vw, 364px" /></figure>
</div>



<div class="wp-block-column is-layout-flow wp-block-column-is-layout-flow">
<h3 class="wp-block-heading">Ian Dyck </h3>



<p>Vice-président principal, responsable secteur d’affaires eau </p>
</div>
</div>



<div class="aecom-custom-block block-intro-text" style="margin-top: 0px; margin-bottom: 40px">
    <p class="editor-emphasized">
        Ian Dyck est vice-président principal et responsable du secteur d’affaires eau d’AECOM, la société de services-conseils en infrastructures de renommée mondiale qui exécute des services professionnels couvrant tout le cycle de vie des projets, de la consultation à la planification, en passant par la conception, l’ingénierie et la gestion de programmes et de la construction.     </p>
</div>


<p>À ce poste, M. Dyck est responsable de la croissance et de la supervision des activités de la division canadienne de l’eau d’AECOM. Il développe et dirige la stratégie de croissance tout en maintenant un niveau élevé de rentabilité.&nbsp;&nbsp;</p>



<p>Au début de sa carrière, M. Dyck s’est concentré sur la conception technique, puis a occupé des postes de leadership en affaires et en stratégie. M. Dyck s’est joint à AECOM en 2019.&nbsp;&nbsp;</p>



<p>Il est fier de faire progresser les projets d’eau potable pour améliorer la santé des collectivités, les projets d’eaux usées pour améliorer la performance environnementale et les projets d’énergie pour accroître la résilience des collectivités. M. Dyck reconnaît l’importance d’un environnement collaboratif et inclusif en tant que solide allié du groupe-ressource Women’s Leadership Alliance chez AECOM. Il s’emploie aussi à développer des relations d’affaires mutuellement avantageuses avec des entreprises autochtones et à encourager les jeunes Autochtones à poursuivre une carrière dans les STIM.&nbsp;&nbsp;</p>



    <div class="aecom-custom-block block-cta-button" style="margin-top: 40px;">
        <a href="https://aecom.com/fr-ca/about-us/our-leadership/" class="aecom-default-cta aecom-global-cta-e-green-transparent aecom-global-cta-sml aecom-global-cta-bold aecom-global-cta aecom-global-cta-bold"  >Retour à la direction d&#8217;AECOM <svg data-name="Layer 1" xmlns="http://www.w3.org/2000/svg" viewBox="0 0 31.4 29.8"><g data-name="Group 31"><g data-name="Group 30"><g data-name="Group 29"><path data-name="Path 49" d="M31.4 14.1h-3.1a12.6 12.6 0 0 1-25.2 0H0a15.7 15.7 0 1 0 31.4 0m-15.7 7 7.4-7.4-2.2-2.2-3.6 3.6V0h-3.1v15l-3.6-3.6-2.2 2.2 7.4 7.4Z" fill="currentColor"/></g></g></g></svg></a>
    </div>
</div>



<div class="wp-block-column is-layout-flow wp-block-column-is-layout-flow" style="flex-basis:33.33%">
<h3 class="wp-block-heading has-text-color" style="color:#008768"><strong>Études</strong></h3>



<p>Maîtrise ès sciences en environnement et gestion, Université Royal Roads&nbsp;</p>



<p>Baccalauréat ès sciences appliquées en génie physique, Université de la Colombie-Britannique&nbsp;</p>



<h3 class="wp-block-heading has-text-color" style="color:#008768"><strong>Affiliations</strong></h3>



<p>Ordre des ingénieurs de la Colombie-Britannique&nbsp;</p>



<p>Hydroélectricité Canada&nbsp;</p>



<p>Association canadienne des ressources hydriques&nbsp;</p>



<p>Association canadienne des eaux potables et usées&nbsp;</p>
</div>
</div>



<p></p>

<p>Ian Dyck  Vice-président principal, responsable secteur d’affaires eau  À ce poste, M. Dyck est responsable de la croissance et de la supervision des activités de la division canadienne de l’eau d’AECOM. Il développe et dirige la stratégie de croissance tout en maintenant un niveau élevé de rentabilité.&nbsp;&nbsp; Au début de sa carrière, M. Dyck s’est concentré sur la&#8230;</p>
