{"id":6671,"date":"2024-12-10T19:30:57","date_gmt":"2024-12-10T19:30:57","guid":{"rendered":"https:\/\/aecom.com\/fr-ca\/?page_id=6671"},"modified":"2024-12-10T19:30:58","modified_gmt":"2024-12-10T19:30:58","slug":"greg-quandt-2","status":"publish","type":"page","link":"https:\/\/aecom.com\/fr-ca\/about-us\/our-leadership\/greg-quandt-2\/","title":{"rendered":"Greg\u202fQuandt\u00a0"},"content":{"rendered":"\n<div class=\"wp-block-columns is-layout-flex wp-container-core-columns-is-layout-9d6595d7 wp-block-columns-is-layout-flex\">\n<div class=\"wp-block-column is-layout-flow wp-block-column-is-layout-flow\" style=\"flex-basis:66.66%\">\n<div class=\"wp-block-columns is-layout-flex wp-container-core-columns-is-layout-9d6595d7 wp-block-columns-is-layout-flex\">\n<div class=\"wp-block-column is-layout-flow wp-block-column-is-layout-flow\" style=\"flex-basis:33%\">\n<figure class=\"wp-block-image size-full\"><img loading=\"lazy\" decoding=\"async\" width=\"364\" height=\"364\" src=\"https:\/\/aecom.com\/fr-ca\/wp-content\/uploads\/2023\/10\/greg-quandt-1.jpg\" alt=\"\" class=\"wp-image-2882\" srcset=\"https:\/\/aecom.com\/fr-ca\/wp-content\/uploads\/2023\/10\/greg-quandt-1.jpg 364w, https:\/\/aecom.com\/fr-ca\/wp-content\/uploads\/2023\/10\/greg-quandt-1-300x300.jpg 300w, https:\/\/aecom.com\/fr-ca\/wp-content\/uploads\/2023\/10\/greg-quandt-1-150x150.jpg 150w\" sizes=\"auto, (max-width: 364px) 100vw, 364px\" \/><\/figure>\n<\/div>\n\n\n\n<div class=\"wp-block-column is-layout-flow wp-block-column-is-layout-flow\">\n<h3 class=\"wp-block-heading\">Greg\u202fQuandt\u00a0<\/h3>\n\n\n\n<p>Vice-pr\u00e9sident principal, responsable du secteur d\u2019affaires environnement<\/p>\n<\/div>\n<\/div>\n\n\n\n<div class=\"aecom-custom-block block-intro-text\" style=\"margin-top: 0px; margin-bottom: 40px\">\n    <p class=\"editor-emphasized\">\n        Greg Quandt est vice-pr\u00e9sident principal, responsable du secteur d\u2019affaires environnement de la r\u00e9gion Canada chez AECOM, la soci\u00e9t\u00e9 de services-conseils en infrastructures de renomm\u00e9e mondiale qui ex\u00e9cute des services professionnels couvrant tout le cycle de vie des projets, de la consultation \u00e0 la planification, en passant par la conception, l\u2019ing\u00e9nierie et la gestion de programmes et de la construction.     <\/p>\n<\/div>\n\n\n<p>\u00c0 ce poste, M.\u202fQuandt est responsable de l\u2019\u00e9laboration et de la mise en \u0153uvre de la strat\u00e9gie de croissance r\u00e9gionale, de la gestion des comptes clients cl\u00e9s, de l\u2019obtention de r\u00e9sultats financiers et de la garantie de la qualit\u00e9 et de la s\u00e9curit\u00e9. Greg Quandt est passionn\u00e9 par la croissance des \u00e9quipes et la r\u00e9alisation de projets environnementaux transformateurs de grande qualit\u00e9 qui aident les clients \u00e0 g\u00e9rer leurs risques environnementaux.&nbsp;<\/p>\n\n\n\n<p>Au cours de ses 30\u202fann\u00e9es de carri\u00e8re, ses r\u00f4les lui ont permis de prendre de plus en plus de responsabilit\u00e9s et d\u2019\u00eatre charg\u00e9 de tous les aspects d\u2019une entreprise de services-conseils professionnels. M.\u202fQuandt poss\u00e8de pr\u00e8s de 30\u202fans d\u2019exp\u00e9rience dans le secteur des services environnementaux, y compris au sein des anciennes soci\u00e9t\u00e9s d\u2019AECOM, URS (Washington, D.C.) et Gartner Lee (Burnaby, C.-B.). M.\u202fQuandt s\u2019est joint \u00e0 AECOM en 2023.&nbsp;&nbsp;<\/p>\n\n\n\n<p>M.\u202fQuandt s\u2019engage \u00e0 soutenir de nombreux groupes par l\u2019entremise de services communautaires, notamment Habitat pour l\u2019humanit\u00e9, Canucks for Kids, Centraide et YWCA. Il soutient \u00e9galement des projets environnementaux aux c\u00f4t\u00e9s de la nation Musqueam, de la nation Haisla, de la bande indienne de la basse Nicola et de la nation Squamish, et est d\u00e9termin\u00e9 \u00e0 am\u00e9liorer le mieux-\u00eatre des collectivit\u00e9s locales.&nbsp;<\/p>\n\n\n\n    <div class=\"aecom-custom-block block-cta-button\" style=\"margin-top: 40px;\">\n        <a href=\"https:\/\/aecom.com\/fr-ca\/about-us\/our-leadership\/\" class=\"aecom-default-cta aecom-global-cta-e-green-transparent aecom-global-cta-sml aecom-global-cta-bold aecom-global-cta aecom-global-cta-bold\"  >Retour \u00e0 la direction d&#8217;AECOM <svg data-name=\"Layer 1\" xmlns=\"http:\/\/www.w3.org\/2000\/svg\" viewBox=\"0 0 31.4 29.8\"><g data-name=\"Group 31\"><g data-name=\"Group 30\"><g data-name=\"Group 29\"><path data-name=\"Path 49\" d=\"M31.4 14.1h-3.1a12.6 12.6 0 0 1-25.2 0H0a15.7 15.7 0 1 0 31.4 0m-15.7 7 7.4-7.4-2.2-2.2-3.6 3.6V0h-3.1v15l-3.6-3.6-2.2 2.2 7.4 7.4Z\" fill=\"currentColor\"\/><\/g><\/g><\/g><\/svg><\/a>\n    <\/div>\n<\/div>\n\n\n\n<div class=\"wp-block-column is-layout-flow wp-block-column-is-layout-flow\" style=\"flex-basis:33.33%\">\n<h3 class=\"wp-block-heading has-text-color\" style=\"color:#008768\"><strong>\u00c9tudes<\/strong><\/h3>\n\n\n\n<p>Baccalaur\u00e9at \u00e8s sciences appliqu\u00e9es, g\u00e9nie g\u00e9ologique, Universit\u00e9 de la Colombie-Britannique&nbsp;<\/p>\n\n\n\n<p>Professionnel en gestion de projet (PGP), Project Management Institute&nbsp;<\/p>\n\n\n\n<p>Professionnel de l\u2019environnement, ECO Canada&nbsp;<\/p>\n\n\n\n<h3 class=\"wp-block-heading has-text-color\" style=\"color:#008768\"><strong>Affiliations<\/strong><\/h3>\n\n\n\n<p>F\u00e9d\u00e9ration canadienne des municipalit\u00e9s, comit\u00e9 d\u2019examen des programmes de financement environnemental&nbsp;&nbsp;<\/p>\n\n\n\n<p>BC Urban Development Institute, membre du comit\u00e9 des sites contamin\u00e9s&nbsp;&nbsp;<\/p>\n\n\n\n<p>Air and Waste Management Association, (ancien) pr\u00e9sident de la section de la Colombie-Britannique\u2013Yukon&nbsp;&nbsp;<\/p>\n\n\n\n<p>Air and Waste Management Association, (ancien membre du) conseil d\u2019administration, section Pacifique Nord-Ouest&nbsp;&nbsp;<\/p>\n\n\n\n<p>National Brownfields Association, (ancien) pr\u00e9sident de la section du Maryland&nbsp;&nbsp;<\/p>\n\n\n\n<p>Pacific Business &amp; Law Institute, copr\u00e9sident, atelier annuel sur les sites contamin\u00e9s&nbsp;&nbsp;<\/p>\n<\/div>\n<\/div>\n\n\n\n<p><\/p>\n","protected":false},"excerpt":{"rendered":"<p>Greg\u202fQuandt\u00a0 Vice-pr\u00e9sident principal, responsable du secteur d\u2019affaires environnement \u00c0 ce poste, M.\u202fQuandt est responsable de l\u2019\u00e9laboration et de la mise en \u0153uvre de la strat\u00e9gie de croissance r\u00e9gionale, de la gestion des comptes clients cl\u00e9s, de l\u2019obtention de r\u00e9sultats financiers et de la garantie de la qualit\u00e9 et de la s\u00e9curit\u00e9. Greg Quandt est passionn\u00e9&#8230;<\/p>\n","protected":false},"author":701,"featured_media":0,"parent":908,"menu_order":16,"comment_status":"closed","ping_status":"closed","template":"","meta":{"_acf_changed":false,"footnotes":""},"yst_prominent_words":[],"class_list":["post-6671","page","type-page","status-publish","hentry"],"acf":[],"_links":{"self":[{"href":"https:\/\/aecom.com\/fr-ca\/wp-json\/wp\/v2\/pages\/6671","targetHints":{"allow":["GET"]}}],"collection":[{"href":"https:\/\/aecom.com\/fr-ca\/wp-json\/wp\/v2\/pages"}],"about":[{"href":"https:\/\/aecom.com\/fr-ca\/wp-json\/wp\/v2\/types\/page"}],"author":[{"embeddable":true,"href":"https:\/\/aecom.com\/fr-ca\/wp-json\/wp\/v2\/users\/701"}],"replies":[{"embeddable":true,"href":"https:\/\/aecom.com\/fr-ca\/wp-json\/wp\/v2\/comments?post=6671"}],"version-history":[{"count":2,"href":"https:\/\/aecom.com\/fr-ca\/wp-json\/wp\/v2\/pages\/6671\/revisions"}],"predecessor-version":[{"id":6673,"href":"https:\/\/aecom.com\/fr-ca\/wp-json\/wp\/v2\/pages\/6671\/revisions\/6673"}],"up":[{"embeddable":true,"href":"https:\/\/aecom.com\/fr-ca\/wp-json\/wp\/v2\/pages\/908"}],"wp:attachment":[{"href":"https:\/\/aecom.com\/fr-ca\/wp-json\/wp\/v2\/media?parent=6671"}],"wp:term":[{"taxonomy":"yst_prominent_words","embeddable":true,"href":"https:\/\/aecom.com\/fr-ca\/wp-json\/wp\/v2\/yst_prominent_words?post=6671"}],"curies":[{"name":"wp","href":"https:\/\/api.w.org\/{rel}","templated":true}]}}

<div class="wp-block-columns is-layout-flex wp-container-core-columns-is-layout-9d6595d7 wp-block-columns-is-layout-flex">
<div class="wp-block-column is-layout-flow wp-block-column-is-layout-flow" style="flex-basis:66.66%">
<div class="wp-block-columns is-layout-flex wp-container-core-columns-is-layout-9d6595d7 wp-block-columns-is-layout-flex">
<div class="wp-block-column is-layout-flow wp-block-column-is-layout-flow" style="flex-basis:33%">
<figure class="wp-block-image size-full"><img loading="lazy" decoding="async" width="364" height="364" src="https://aecom.com/fr-ca/wp-content/uploads/2023/10/greg-quandt-1.jpg" alt="" class="wp-image-2882" srcset="https://aecom.com/fr-ca/wp-content/uploads/2023/10/greg-quandt-1.jpg 364w, https://aecom.com/fr-ca/wp-content/uploads/2023/10/greg-quandt-1-300x300.jpg 300w, https://aecom.com/fr-ca/wp-content/uploads/2023/10/greg-quandt-1-150x150.jpg 150w" sizes="auto, (max-width: 364px) 100vw, 364px" /></figure>
</div>



<div class="wp-block-column is-layout-flow wp-block-column-is-layout-flow">
<h3 class="wp-block-heading">Greg Quandt </h3>



<p>Vice-président principal, responsable du secteur d’affaires environnement</p>
</div>
</div>



<div class="aecom-custom-block block-intro-text" style="margin-top: 0px; margin-bottom: 40px">
    <p class="editor-emphasized">
        Greg Quandt est vice-président principal, responsable du secteur d’affaires environnement de la région Canada chez AECOM, la société de services-conseils en infrastructures de renommée mondiale qui exécute des services professionnels couvrant tout le cycle de vie des projets, de la consultation à la planification, en passant par la conception, l’ingénierie et la gestion de programmes et de la construction.     </p>
</div>


<p>À ce poste, M. Quandt est responsable de l’élaboration et de la mise en œuvre de la stratégie de croissance régionale, de la gestion des comptes clients clés, de l’obtention de résultats financiers et de la garantie de la qualité et de la sécurité. Greg Quandt est passionné par la croissance des équipes et la réalisation de projets environnementaux transformateurs de grande qualité qui aident les clients à gérer leurs risques environnementaux.&nbsp;</p>



<p>Au cours de ses 30 années de carrière, ses rôles lui ont permis de prendre de plus en plus de responsabilités et d’être chargé de tous les aspects d’une entreprise de services-conseils professionnels. M. Quandt possède près de 30 ans d’expérience dans le secteur des services environnementaux, y compris au sein des anciennes sociétés d’AECOM, URS (Washington, D.C.) et Gartner Lee (Burnaby, C.-B.). M. Quandt s’est joint à AECOM en 2023.&nbsp;&nbsp;</p>



<p>M. Quandt s’engage à soutenir de nombreux groupes par l’entremise de services communautaires, notamment Habitat pour l’humanité, Canucks for Kids, Centraide et YWCA. Il soutient également des projets environnementaux aux côtés de la nation Musqueam, de la nation Haisla, de la bande indienne de la basse Nicola et de la nation Squamish, et est déterminé à améliorer le mieux-être des collectivités locales.&nbsp;</p>



    <div class="aecom-custom-block block-cta-button" style="margin-top: 40px;">
        <a href="https://aecom.com/fr-ca/about-us/our-leadership/" class="aecom-default-cta aecom-global-cta-e-green-transparent aecom-global-cta-sml aecom-global-cta-bold aecom-global-cta aecom-global-cta-bold"  >Retour à la direction d&#8217;AECOM <svg data-name="Layer 1" xmlns="http://www.w3.org/2000/svg" viewBox="0 0 31.4 29.8"><g data-name="Group 31"><g data-name="Group 30"><g data-name="Group 29"><path data-name="Path 49" d="M31.4 14.1h-3.1a12.6 12.6 0 0 1-25.2 0H0a15.7 15.7 0 1 0 31.4 0m-15.7 7 7.4-7.4-2.2-2.2-3.6 3.6V0h-3.1v15l-3.6-3.6-2.2 2.2 7.4 7.4Z" fill="currentColor"/></g></g></g></svg></a>
    </div>
</div>



<div class="wp-block-column is-layout-flow wp-block-column-is-layout-flow" style="flex-basis:33.33%">
<h3 class="wp-block-heading has-text-color" style="color:#008768"><strong>Études</strong></h3>



<p>Baccalauréat ès sciences appliquées, génie géologique, Université de la Colombie-Britannique&nbsp;</p>



<p>Professionnel en gestion de projet (PGP), Project Management Institute&nbsp;</p>



<p>Professionnel de l’environnement, ECO Canada&nbsp;</p>



<h3 class="wp-block-heading has-text-color" style="color:#008768"><strong>Affiliations</strong></h3>



<p>Fédération canadienne des municipalités, comité d’examen des programmes de financement environnemental&nbsp;&nbsp;</p>



<p>BC Urban Development Institute, membre du comité des sites contaminés&nbsp;&nbsp;</p>



<p>Air and Waste Management Association, (ancien) président de la section de la Colombie-Britannique–Yukon&nbsp;&nbsp;</p>



<p>Air and Waste Management Association, (ancien membre du) conseil d’administration, section Pacifique Nord-Ouest&nbsp;&nbsp;</p>



<p>National Brownfields Association, (ancien) président de la section du Maryland&nbsp;&nbsp;</p>



<p>Pacific Business &amp; Law Institute, coprésident, atelier annuel sur les sites contaminés&nbsp;&nbsp;</p>
</div>
</div>



<p></p>

<p>Greg Quandt  Vice-président principal, responsable du secteur d’affaires environnement À ce poste, M. Quandt est responsable de l’élaboration et de la mise en œuvre de la stratégie de croissance régionale, de la gestion des comptes clients clés, de l’obtention de résultats financiers et de la garantie de la qualité et de la sécurité. Greg Quandt est passionné&#8230;</p>
