{"id":6676,"date":"2024-12-10T19:35:37","date_gmt":"2024-12-10T19:35:37","guid":{"rendered":"https:\/\/aecom.com\/fr-ca\/?page_id=6676"},"modified":"2024-12-10T19:35:37","modified_gmt":"2024-12-10T19:35:37","slug":"marie-jose-croonen","status":"publish","type":"page","link":"https:\/\/aecom.com\/fr-ca\/about-us\/our-leadership\/marie-jose-croonen\/","title":{"rendered":"Marie-Jos\u00e9 Croonen\u00a0"},"content":{"rendered":"\n<div class=\"wp-block-columns is-layout-flex wp-container-core-columns-is-layout-9d6595d7 wp-block-columns-is-layout-flex\">\n<div class=\"wp-block-column is-layout-flow wp-block-column-is-layout-flow\" style=\"flex-basis:66.66%\">\n<div class=\"wp-block-columns is-layout-flex wp-container-core-columns-is-layout-9d6595d7 wp-block-columns-is-layout-flex\">\n<div class=\"wp-block-column is-layout-flow wp-block-column-is-layout-flow\" style=\"flex-basis:33%\">\n<figure class=\"wp-block-image size-full\"><img loading=\"lazy\" decoding=\"async\" width=\"364\" height=\"364\" src=\"https:\/\/aecom.com\/fr-ca\/wp-content\/uploads\/2023\/10\/mj-croonen-2-3.jpg\" alt=\"\" class=\"wp-image-2992\" srcset=\"https:\/\/aecom.com\/fr-ca\/wp-content\/uploads\/2023\/10\/mj-croonen-2-3.jpg 364w, https:\/\/aecom.com\/fr-ca\/wp-content\/uploads\/2023\/10\/mj-croonen-2-3-300x300.jpg 300w, https:\/\/aecom.com\/fr-ca\/wp-content\/uploads\/2023\/10\/mj-croonen-2-3-150x150.jpg 150w\" sizes=\"auto, (max-width: 364px) 100vw, 364px\" \/><\/figure>\n<\/div>\n\n\n\n<div class=\"wp-block-column is-layout-flow wp-block-column-is-layout-flow\">\n<h3 class=\"wp-block-heading\">Marie-Jos\u00e9 Croonen\u00a0<\/h3>\n\n\n\n<p>Vice-pr\u00e9sidente, responsable du secteur d\u2019affaires \u00e9nergie\u00a0<\/p>\n<\/div>\n<\/div>\n\n\n\n<div class=\"aecom-custom-block block-intro-text\" style=\"margin-top: 0px; margin-bottom: 40px\">\n    <p class=\"editor-emphasized\">\n        Marie-Jos\u00e9 (\u00ab\u202fMJ\u202f\u00bb) Croonen est vice-pr\u00e9sidente principale et responsable du secteur d\u2019affaires \u00e9nergie de la r\u00e9gion Canada d\u2019AECOM, la soci\u00e9t\u00e9 de services-conseils en infrastructures de renomm\u00e9e mondiale qui ex\u00e9cute des services professionnels couvrant tout le cycle de vie des projets, de la consultation \u00e0 la planification, en passant par la conception, l\u2019ing\u00e9nierie et la gestion de programmes et de la construction.     <\/p>\n<\/div>\n\n\n<p>\u00c0 ce poste, Mme\u202fCroonen travaille avec les secteurs canadiens des ressources et de l\u2019\u00e9nergie pour faire correspondre leurs exigences commerciales aux solutions d\u2019\u00e9nergie propre, aux services de transition \u00e9nerg\u00e9tique et de conseil, ainsi qu\u2019aux services de cycle de vie des actifs.&nbsp;&nbsp;<\/p>\n\n\n\n<p>Avant cela, Mme\u202fCroonen a travaill\u00e9 comme gestionnaire en d\u00e9veloppement des affaires sur des occasions d\u2019affaires impliquant toutes les grandes entreprises de p\u00e9trole, de gaz et d\u2019\u00e9nergie de l\u2019Ouest canadien, mais aussi comme gestionnaire du marketing pour les programmes d\u2019\u00e9nergie verte et d\u2019\u00e9lectricit\u00e9 et de gaz naturel dans une entreprise de services publics, puis comme gestionnaire en d\u00e9veloppement des affaires dans les \u00e9nergies renouvelables aupr\u00e8s d\u2019une entreprise du secteur de l\u2019\u00e9nergie, o\u00f9 elle a \u00e9labor\u00e9 des projets d\u2019\u00e9nergie renouvelable reconnus \u00e0 l\u2019\u00e9chelle nationale et internationale.&nbsp;&nbsp;<\/p>\n\n\n\n<p>Mme\u202fCroonen s\u2019est jointe \u00e0 AECOM en 2012 et a occup\u00e9 plusieurs postes de direction ax\u00e9s sur l\u2019\u00e9nergie et l\u2019innovation dans les secteurs priv\u00e9 et public. Elle renforce les liens avec les d\u00e9cideurs politiques, le gouvernement et l\u2019industrie en d\u00e9veloppant les relations existantes pour faciliter et \u00e9tablir de nouveaux partenariats. Mme\u202fCroonen est directrice de projet dans le cadre de divers projets \u00e9nerg\u00e9tiques strat\u00e9giques et est gestionnaire de comptes clients pour la ville de Calgary.&nbsp;<\/p>\n\n\n\n    <div class=\"aecom-custom-block block-cta-button\" style=\"margin-top: 40px;\">\n        <a href=\"https:\/\/aecom.com\/fr-ca\/about-us\/our-leadership\/\" class=\"aecom-default-cta aecom-global-cta-e-green-transparent aecom-global-cta-sml aecom-global-cta-bold aecom-global-cta aecom-global-cta-bold\"  >Retour \u00e0 la direction d&#8217;AECOM <svg data-name=\"Layer 1\" xmlns=\"http:\/\/www.w3.org\/2000\/svg\" viewBox=\"0 0 31.4 29.8\"><g data-name=\"Group 31\"><g data-name=\"Group 30\"><g data-name=\"Group 29\"><path data-name=\"Path 49\" d=\"M31.4 14.1h-3.1a12.6 12.6 0 0 1-25.2 0H0a15.7 15.7 0 1 0 31.4 0m-15.7 7 7.4-7.4-2.2-2.2-3.6 3.6V0h-3.1v15l-3.6-3.6-2.2 2.2 7.4 7.4Z\" fill=\"currentColor\"\/><\/g><\/g><\/g><\/svg><\/a>\n    <\/div>\n<\/div>\n\n\n\n<div class=\"wp-block-column is-layout-flow wp-block-column-is-layout-flow\" style=\"flex-basis:33.33%\">\n<h3 class=\"wp-block-heading has-text-color\" style=\"color:#008768\"><strong>\u00c9tudes<\/strong><\/h3>\n\n\n\n<p>Baccalaur\u00e9at en commerce, marketing international et ventes, Institut n\u00e9erlandais de marketing&nbsp;<\/p>\n\n\n\n<p>Ma\u00eetrise \u00e8s arts, langue et litt\u00e9rature anglaises, Universit\u00e9 Radboud de Nim\u00e8gue&nbsp;<\/p>\n\n\n\n<p>Baccalaur\u00e9at \u00e8s arts, langue fran\u00e7aise, Universit\u00e9 Radboud de Nim\u00e8gue&nbsp;<\/p>\n\n\n\n<p>Ma\u00eetrise en relations publiques, relations publiques et communication, Universit\u00e9 d\u2019Utrecht&nbsp;<\/p>\n\n\n\n<h3 class=\"wp-block-heading has-text-color\" style=\"color:#008768\"><strong>Affiliations<\/strong><\/h3>\n\n\n\n<p>Chambre de commerce r\u00e9gionale de Toronto, membre du comit\u00e9 de transition \u00e9nerg\u00e9tique&nbsp;<\/p>\n\n\n\n<p>Women\u2019s Infrastructure, membre de la section de Calgary&nbsp;<\/p>\n\n\n\n<p>Professionnelle du d\u00e9veloppement durable Envision&nbsp;<\/p>\n<\/div>\n<\/div>\n\n\n\n<p><\/p>\n","protected":false},"excerpt":{"rendered":"<p>Marie-Jos\u00e9 Croonen\u00a0 Vice-pr\u00e9sidente, responsable du secteur d\u2019affaires \u00e9nergie\u00a0 \u00c0 ce poste, Mme\u202fCroonen travaille avec les secteurs canadiens des ressources et de l\u2019\u00e9nergie pour faire correspondre leurs exigences commerciales aux solutions d\u2019\u00e9nergie propre, aux services de transition \u00e9nerg\u00e9tique et de conseil, ainsi qu\u2019aux services de cycle de vie des actifs.&nbsp;&nbsp; Avant cela, Mme\u202fCroonen a travaill\u00e9 comme&#8230;<\/p>\n","protected":false},"author":701,"featured_media":0,"parent":908,"menu_order":17,"comment_status":"closed","ping_status":"closed","template":"","meta":{"_acf_changed":false,"footnotes":""},"yst_prominent_words":[],"class_list":["post-6676","page","type-page","status-publish","hentry"],"acf":[],"_links":{"self":[{"href":"https:\/\/aecom.com\/fr-ca\/wp-json\/wp\/v2\/pages\/6676","targetHints":{"allow":["GET"]}}],"collection":[{"href":"https:\/\/aecom.com\/fr-ca\/wp-json\/wp\/v2\/pages"}],"about":[{"href":"https:\/\/aecom.com\/fr-ca\/wp-json\/wp\/v2\/types\/page"}],"author":[{"embeddable":true,"href":"https:\/\/aecom.com\/fr-ca\/wp-json\/wp\/v2\/users\/701"}],"replies":[{"embeddable":true,"href":"https:\/\/aecom.com\/fr-ca\/wp-json\/wp\/v2\/comments?post=6676"}],"version-history":[{"count":2,"href":"https:\/\/aecom.com\/fr-ca\/wp-json\/wp\/v2\/pages\/6676\/revisions"}],"predecessor-version":[{"id":6678,"href":"https:\/\/aecom.com\/fr-ca\/wp-json\/wp\/v2\/pages\/6676\/revisions\/6678"}],"up":[{"embeddable":true,"href":"https:\/\/aecom.com\/fr-ca\/wp-json\/wp\/v2\/pages\/908"}],"wp:attachment":[{"href":"https:\/\/aecom.com\/fr-ca\/wp-json\/wp\/v2\/media?parent=6676"}],"wp:term":[{"taxonomy":"yst_prominent_words","embeddable":true,"href":"https:\/\/aecom.com\/fr-ca\/wp-json\/wp\/v2\/yst_prominent_words?post=6676"}],"curies":[{"name":"wp","href":"https:\/\/api.w.org\/{rel}","templated":true}]}}

Marie-José Croonen

<div class="wp-block-columns is-layout-flex wp-container-core-columns-is-layout-9d6595d7 wp-block-columns-is-layout-flex">
<div class="wp-block-column is-layout-flow wp-block-column-is-layout-flow" style="flex-basis:66.66%">
<div class="wp-block-columns is-layout-flex wp-container-core-columns-is-layout-9d6595d7 wp-block-columns-is-layout-flex">
<div class="wp-block-column is-layout-flow wp-block-column-is-layout-flow" style="flex-basis:33%">
<figure class="wp-block-image size-full"><img loading="lazy" decoding="async" width="364" height="364" src="https://aecom.com/fr-ca/wp-content/uploads/2023/10/mj-croonen-2-3.jpg" alt="" class="wp-image-2992" srcset="https://aecom.com/fr-ca/wp-content/uploads/2023/10/mj-croonen-2-3.jpg 364w, https://aecom.com/fr-ca/wp-content/uploads/2023/10/mj-croonen-2-3-300x300.jpg 300w, https://aecom.com/fr-ca/wp-content/uploads/2023/10/mj-croonen-2-3-150x150.jpg 150w" sizes="auto, (max-width: 364px) 100vw, 364px" /></figure>
</div>



<div class="wp-block-column is-layout-flow wp-block-column-is-layout-flow">
<h3 class="wp-block-heading">Marie-José Croonen </h3>



<p>Vice-présidente, responsable du secteur d’affaires énergie </p>
</div>
</div>



<div class="aecom-custom-block block-intro-text" style="margin-top: 0px; margin-bottom: 40px">
    <p class="editor-emphasized">
        Marie-José (« MJ ») Croonen est vice-présidente principale et responsable du secteur d’affaires énergie de la région Canada d’AECOM, la société de services-conseils en infrastructures de renommée mondiale qui exécute des services professionnels couvrant tout le cycle de vie des projets, de la consultation à la planification, en passant par la conception, l’ingénierie et la gestion de programmes et de la construction.     </p>
</div>


<p>À ce poste, Mme Croonen travaille avec les secteurs canadiens des ressources et de l’énergie pour faire correspondre leurs exigences commerciales aux solutions d’énergie propre, aux services de transition énergétique et de conseil, ainsi qu’aux services de cycle de vie des actifs.&nbsp;&nbsp;</p>



<p>Avant cela, Mme Croonen a travaillé comme gestionnaire en développement des affaires sur des occasions d’affaires impliquant toutes les grandes entreprises de pétrole, de gaz et d’énergie de l’Ouest canadien, mais aussi comme gestionnaire du marketing pour les programmes d’énergie verte et d’électricité et de gaz naturel dans une entreprise de services publics, puis comme gestionnaire en développement des affaires dans les énergies renouvelables auprès d’une entreprise du secteur de l’énergie, où elle a élaboré des projets d’énergie renouvelable reconnus à l’échelle nationale et internationale.&nbsp;&nbsp;</p>



<p>Mme Croonen s’est jointe à AECOM en 2012 et a occupé plusieurs postes de direction axés sur l’énergie et l’innovation dans les secteurs privé et public. Elle renforce les liens avec les décideurs politiques, le gouvernement et l’industrie en développant les relations existantes pour faciliter et établir de nouveaux partenariats. Mme Croonen est directrice de projet dans le cadre de divers projets énergétiques stratégiques et est gestionnaire de comptes clients pour la ville de Calgary.&nbsp;</p>



    <div class="aecom-custom-block block-cta-button" style="margin-top: 40px;">
        <a href="https://aecom.com/fr-ca/about-us/our-leadership/" class="aecom-default-cta aecom-global-cta-e-green-transparent aecom-global-cta-sml aecom-global-cta-bold aecom-global-cta aecom-global-cta-bold"  >Retour à la direction d&#8217;AECOM <svg data-name="Layer 1" xmlns="http://www.w3.org/2000/svg" viewBox="0 0 31.4 29.8"><g data-name="Group 31"><g data-name="Group 30"><g data-name="Group 29"><path data-name="Path 49" d="M31.4 14.1h-3.1a12.6 12.6 0 0 1-25.2 0H0a15.7 15.7 0 1 0 31.4 0m-15.7 7 7.4-7.4-2.2-2.2-3.6 3.6V0h-3.1v15l-3.6-3.6-2.2 2.2 7.4 7.4Z" fill="currentColor"/></g></g></g></svg></a>
    </div>
</div>



<div class="wp-block-column is-layout-flow wp-block-column-is-layout-flow" style="flex-basis:33.33%">
<h3 class="wp-block-heading has-text-color" style="color:#008768"><strong>Études</strong></h3>



<p>Baccalauréat en commerce, marketing international et ventes, Institut néerlandais de marketing&nbsp;</p>



<p>Maîtrise ès arts, langue et littérature anglaises, Université Radboud de Nimègue&nbsp;</p>



<p>Baccalauréat ès arts, langue française, Université Radboud de Nimègue&nbsp;</p>



<p>Maîtrise en relations publiques, relations publiques et communication, Université d’Utrecht&nbsp;</p>



<h3 class="wp-block-heading has-text-color" style="color:#008768"><strong>Affiliations</strong></h3>



<p>Chambre de commerce régionale de Toronto, membre du comité de transition énergétique&nbsp;</p>



<p>Women’s Infrastructure, membre de la section de Calgary&nbsp;</p>



<p>Professionnelle du développement durable Envision&nbsp;</p>
</div>
</div>



<p></p>

<p>Marie-José Croonen  Vice-présidente, responsable du secteur d’affaires énergie  À ce poste, Mme Croonen travaille avec les secteurs canadiens des ressources et de l’énergie pour faire correspondre leurs exigences commerciales aux solutions d’énergie propre, aux services de transition énergétique et de conseil, ainsi qu’aux services de cycle de vie des actifs.&nbsp;&nbsp; Avant cela, Mme Croonen a travaillé comme&#8230;</p>
